{"id":2,"date":"2016-05-10T03:48:21","date_gmt":"2016-05-10T03:48:21","guid":{"rendered":"http:\/\/1-2-3faltenfrei.de\/?page_id=2"},"modified":"2025-12-24T10:18:11","modified_gmt":"2025-12-24T10:18:11","slug":"sample-page","status":"publish","type":"page","link":"https:\/\/1-2-3faltenfrei.de\/","title":{"rendered":"\u00dcber uns"},"content":{"rendered":"\n<p><strong>Seit 2022 ist Alina mit im Team<\/strong> <strong>und macht Wimpernverl\u00e4ngerung, Wimpern- und Augenbrauen Lifting sowie s\u00e4mtliche Gesichtsbehandlungen<\/strong>. <\/p>\n\n\n\n<figure class=\"wp-block-gallery has-nested-images columns-default is-cropped wp-block-gallery-1 is-layout-flex wp-block-gallery-is-layout-flex\">\n<figure class=\"wp-block-image size-full\"><img loading=\"lazy\" decoding=\"async\" width=\"768\" height=\"1024\" data-id=\"252\" src=\"http:\/\/1-2-3faltenfrei.de\/wp-content\/uploads\/2023\/03\/IMG-20230302-WA0029.jpg\" alt=\"\" class=\"wp-image-252\" srcset=\"https:\/\/1-2-3faltenfrei.de\/wp-content\/uploads\/2023\/03\/IMG-20230302-WA0029.jpg 768w, https:\/\/1-2-3faltenfrei.de\/wp-content\/uploads\/2023\/03\/IMG-20230302-WA0029-225x300.jpg 225w, https:\/\/1-2-3faltenfrei.de\/wp-content\/uploads\/2023\/03\/IMG-20230302-WA0029-624x832.jpg 624w\" sizes=\"auto, (max-width: 768px) 100vw, 768px\" \/><figcaption class=\"wp-element-caption\">Alina und Sabine <\/figcaption><\/figure>\n<\/figure>\n\n\n<div class=\"wp-block-image\">\n<figure class=\"alignright size-large\"><img loading=\"lazy\" decoding=\"async\" width=\"576\" height=\"1024\" src=\"http:\/\/1-2-3faltenfrei.de\/wp-content\/uploads\/2022\/10\/IMG_20220206_194048_163-576x1024.webp\" alt=\"\" class=\"wp-image-247\" srcset=\"https:\/\/1-2-3faltenfrei.de\/wp-content\/uploads\/2022\/10\/IMG_20220206_194048_163-576x1024.webp 576w, https:\/\/1-2-3faltenfrei.de\/wp-content\/uploads\/2022\/10\/IMG_20220206_194048_163-169x300.webp 169w, https:\/\/1-2-3faltenfrei.de\/wp-content\/uploads\/2022\/10\/IMG_20220206_194048_163-768x1365.webp 768w, https:\/\/1-2-3faltenfrei.de\/wp-content\/uploads\/2022\/10\/IMG_20220206_194048_163-864x1536.webp 864w, https:\/\/1-2-3faltenfrei.de\/wp-content\/uploads\/2022\/10\/IMG_20220206_194048_163-624x1109.webp 624w, https:\/\/1-2-3faltenfrei.de\/wp-content\/uploads\/2022\/10\/IMG_20220206_194048_163.webp 1080w\" sizes=\"auto, (max-width: 576px) 100vw, 576px\" \/><\/figure>\n<\/div>\n\n\n<p><\/p>\n\n\n\n<p>Kosmetik bedeutet f\u00fcr uns:<br><b>Wohlf\u00fchlen &#8211; Vertrauen &#8211; Entspannen &#8211; Abschalten &#8211; Zufriedenheit &#8211; Gesundheit<br><\/b>Seit nunmehr \u00fcber 23 Jahren bin ich als ausgebildete Bio-Kosmetikerin, Visagistin und zertifizierte Lash-Stylistin t\u00e4tig. Durch meine eigenen Hauterkrankungen und viele erfolglose Termine und Behandlungen bei verschiedenen Haut\u00e4rzten, habe ich mich auf erkrankte und sensible Haut spezialisiert und m\u00f6chte meine Erfahrungen und mein Wissen gerne an Sie weiter geben. Ich wei\u00df, wie Sie sich f\u00fchlen und wie deprimierend ein unsch\u00f6nes Hautbild sein kann und helfe Ihnen gerne.<\/p>\n\n\n\n<p>Mein breitgef\u00e4chertes T\u00e4tigkeitsgebiet umfa\u00dft die klassische kosmetische Gesichtsbehandlung sowie spezielle Gesichtsbehandlungen wie Microneedling, Nanoneedling, Fruchts\u00e4urebehandlungen oder BioRePeel-Behandlungen, typgerechte Schminktechniken oder Foto-, Laufsteg- und Braut-Make-up. Des weiteren biete ich auch&nbsp;&nbsp;Permanent Make-up und dauerhafte Wimpernverl\u00e4ngerung und -verdichtung sowie Wimpernlifting und Augenbrauenlaminierung an.<\/p>\n\n\n\n<p>Au\u00dferdem gebe ich Kurse und Workshops in den Bereichen Gesichtspflege zur Gesunderhaltung der Haut, K\u00f6rperpflege und der dekorativen Kosmetik, u. a. besonders gerne in sozialen Einrichtungen, wie z.B. in den Deggendorfer Behindertenwekst\u00e4tten.<\/p>\n\n\n\n<p>Ich habe viele Jahre f\u00fcr bekannte Kosmetikfirmen wie Shiseido, Lancome, Revlon und Artdeco im Bereich Pflege und Make-up gearbeitet. Sie k\u00f6nnen mich gerne als Visagistin f\u00fcr Fotoshootings beauftragen, da ich auch mit verschiedenen Fotografen\/Innen arbeite.<\/p>\n\n\n\n<p>Seit vielen Jahren bin ich auch f\u00fcr unseren lokalen Fernsehsender NIEDERBAYERN TV als Visagistin t\u00e4tig und mache Maske f\u00fcr verschiedene Werbespots und Berichterstattungen. Auch daf\u00fcr k\u00f6nnen Sie mich gerne buchen.<\/p>\n\n\n\n<p>Hier k\u00f6nnen Sie das Gesundheitsmagazin &#8222;Fit durchs Leben&#8220; sehen, wo ich f\u00fcr die Moderatorin Janine Steeger, bekannt aus RTL Explosiv, das Make-up gezaubert habe:<br><a href=\"https:\/\/m.youtube.com\/watch?feature=youtu.be&amp;v=lTRM3d-ZwN4&amp;list=PLWjoHDtxT0qDxBOyimiXzJxiruur3Y9o0\" target=\"_blank\" rel=\"noopener noreferrer\">youtube-video<\/a><\/p>\n\n\n\n<p><\/p>\n\n\n","protected":false},"excerpt":{"rendered":"<p>Seit 2022 ist Alina mit im Team und macht Wimpernverl\u00e4ngerung, Wimpern- und Augenbrauen Lifting sowie s\u00e4mtliche Gesichtsbehandlungen. Kosmetik bedeutet f\u00fcr uns:Wohlf\u00fchlen &#8211; Vertrauen &#8211; Entspannen &#8211; Abschalten &#8211; Zufriedenheit &#8211; GesundheitSeit nunmehr \u00fcber 23 Jahren bin ich als ausgebildete Bio-Kosmetikerin, Visagistin und zertifizierte Lash-Stylistin t\u00e4tig. Durch meine eigenen Hauterkrankungen und viele erfolglose Termine und Behandlungen [&hellip;]<\/p>\n","protected":false},"author":1,"featured_media":0,"parent":0,"menu_order":1,"comment_status":"closed","ping_status":"open","template":"page-templates\/front-page.php","meta":{"footnotes":""},"class_list":["post-2","page","type-page","status-publish","hentry"],"_links":{"self":[{"href":"https:\/\/1-2-3faltenfrei.de\/index.php?rest_route=\/wp\/v2\/pages\/2","targetHints":{"allow":["GET"]}}],"collection":[{"href":"https:\/\/1-2-3faltenfrei.de\/index.php?rest_route=\/wp\/v2\/pages"}],"about":[{"href":"https:\/\/1-2-3faltenfrei.de\/index.php?rest_route=\/wp\/v2\/types\/page"}],"author":[{"embeddable":true,"href":"https:\/\/1-2-3faltenfrei.de\/index.php?rest_route=\/wp\/v2\/users\/1"}],"replies":[{"embeddable":true,"href":"https:\/\/1-2-3faltenfrei.de\/index.php?rest_route=%2Fwp%2Fv2%2Fcomments&post=2"}],"version-history":[{"count":17,"href":"https:\/\/1-2-3faltenfrei.de\/index.php?rest_route=\/wp\/v2\/pages\/2\/revisions"}],"predecessor-version":[{"id":338,"href":"https:\/\/1-2-3faltenfrei.de\/index.php?rest_route=\/wp\/v2\/pages\/2\/revisions\/338"}],"wp:attachment":[{"href":"https:\/\/1-2-3faltenfrei.de\/index.php?rest_route=%2Fwp%2Fv2%2Fmedia&parent=2"}],"curies":[{"name":"wp","href":"https:\/\/api.w.org\/{rel}","templated":true}]}}

Über uns

<p><strong>Seit 2022 ist Alina mit im Team</strong> <strong>und macht Wimpernverlängerung, Wimpern- und Augenbrauen Lifting sowie sämtliche Gesichtsbehandlungen</strong>. </p>



<figure class="wp-block-gallery has-nested-images columns-default is-cropped wp-block-gallery-1 is-layout-flex wp-block-gallery-is-layout-flex">
<figure class="wp-block-image size-full"><img loading="lazy" decoding="async" width="768" height="1024" data-id="252" src="http://1-2-3faltenfrei.de/wp-content/uploads/2023/03/IMG-20230302-WA0029.jpg" alt="" class="wp-image-252" srcset="https://1-2-3faltenfrei.de/wp-content/uploads/2023/03/IMG-20230302-WA0029.jpg 768w, https://1-2-3faltenfrei.de/wp-content/uploads/2023/03/IMG-20230302-WA0029-225x300.jpg 225w, https://1-2-3faltenfrei.de/wp-content/uploads/2023/03/IMG-20230302-WA0029-624x832.jpg 624w" sizes="auto, (max-width: 768px) 100vw, 768px" /><figcaption class="wp-element-caption">Alina und Sabine </figcaption></figure>
</figure>


<div class="wp-block-image">
<figure class="alignright size-large"><img loading="lazy" decoding="async" width="576" height="1024" src="http://1-2-3faltenfrei.de/wp-content/uploads/2022/10/IMG_20220206_194048_163-576x1024.webp" alt="" class="wp-image-247" srcset="https://1-2-3faltenfrei.de/wp-content/uploads/2022/10/IMG_20220206_194048_163-576x1024.webp 576w, https://1-2-3faltenfrei.de/wp-content/uploads/2022/10/IMG_20220206_194048_163-169x300.webp 169w, https://1-2-3faltenfrei.de/wp-content/uploads/2022/10/IMG_20220206_194048_163-768x1365.webp 768w, https://1-2-3faltenfrei.de/wp-content/uploads/2022/10/IMG_20220206_194048_163-864x1536.webp 864w, https://1-2-3faltenfrei.de/wp-content/uploads/2022/10/IMG_20220206_194048_163-624x1109.webp 624w, https://1-2-3faltenfrei.de/wp-content/uploads/2022/10/IMG_20220206_194048_163.webp 1080w" sizes="auto, (max-width: 576px) 100vw, 576px" /></figure>
</div>


<p></p>



<p>Kosmetik bedeutet für uns:<br><b>Wohlfühlen &#8211; Vertrauen &#8211; Entspannen &#8211; Abschalten &#8211; Zufriedenheit &#8211; Gesundheit<br></b>Seit nunmehr über 23 Jahren bin ich als ausgebildete Bio-Kosmetikerin, Visagistin und zertifizierte Lash-Stylistin tätig. Durch meine eigenen Hauterkrankungen und viele erfolglose Termine und Behandlungen bei verschiedenen Hautärzten, habe ich mich auf erkrankte und sensible Haut spezialisiert und möchte meine Erfahrungen und mein Wissen gerne an Sie weiter geben. Ich weiß, wie Sie sich fühlen und wie deprimierend ein unschönes Hautbild sein kann und helfe Ihnen gerne.</p>



<p>Mein breitgefächertes Tätigkeitsgebiet umfaßt die klassische kosmetische Gesichtsbehandlung sowie spezielle Gesichtsbehandlungen wie Microneedling, Nanoneedling, Fruchtsäurebehandlungen oder BioRePeel-Behandlungen, typgerechte Schminktechniken oder Foto-, Laufsteg- und Braut-Make-up. Des weiteren biete ich auch&nbsp;&nbsp;Permanent Make-up und dauerhafte Wimpernverlängerung und -verdichtung sowie Wimpernlifting und Augenbrauenlaminierung an.</p>



<p>Außerdem gebe ich Kurse und Workshops in den Bereichen Gesichtspflege zur Gesunderhaltung der Haut, Körperpflege und der dekorativen Kosmetik, u. a. besonders gerne in sozialen Einrichtungen, wie z.B. in den Deggendorfer Behindertenwekstätten.</p>



<p>Ich habe viele Jahre für bekannte Kosmetikfirmen wie Shiseido, Lancome, Revlon und Artdeco im Bereich Pflege und Make-up gearbeitet. Sie können mich gerne als Visagistin für Fotoshootings beauftragen, da ich auch mit verschiedenen Fotografen/Innen arbeite.</p>



<p>Seit vielen Jahren bin ich auch für unseren lokalen Fernsehsender NIEDERBAYERN TV als Visagistin tätig und mache Maske für verschiedene Werbespots und Berichterstattungen. Auch dafür können Sie mich gerne buchen.</p>



<p>Hier können Sie das Gesundheitsmagazin &#8222;Fit durchs Leben&#8220; sehen, wo ich für die Moderatorin Janine Steeger, bekannt aus RTL Explosiv, das Make-up gezaubert habe:<br><a href="https://m.youtube.com/watch?feature=youtu.be&amp;v=lTRM3d-ZwN4&amp;list=PLWjoHDtxT0qDxBOyimiXzJxiruur3Y9o0" target="_blank" rel="noopener noreferrer">youtube-video</a></p>



<p></p>

<p>Seit 2022 ist Alina mit im Team und macht Wimpernverlängerung, Wimpern- und Augenbrauen Lifting sowie sämtliche Gesichtsbehandlungen. Kosmetik bedeutet für uns:Wohlfühlen &#8211; Vertrauen &#8211; Entspannen &#8211; Abschalten &#8211; Zufriedenheit &#8211; GesundheitSeit nunmehr über 23 Jahren bin ich als ausgebildete Bio-Kosmetikerin, Visagistin und zertifizierte Lash-Stylistin tätig. Durch meine eigenen Hauterkrankungen und viele erfolglose Termine und Behandlungen [&hellip;]</p>
